{"id":1651,"date":"2016-03-17T18:25:41","date_gmt":"2016-03-17T18:25:41","guid":{"rendered":"http:\/\/www.rushwa.de\/?page_id=1651"},"modified":"2022-09-12T09:28:00","modified_gmt":"2022-09-12T09:28:00","slug":"bagamoyo-hafen","status":"publish","type":"page","link":"https:\/\/www.rushwa.de\/?page_id=1651","title":{"rendered":"Bagamoyo port"},"content":{"rendered":"<h3>&nbsp;Tanzania suspends construction of $10bn Bagamoyo port<\/h3>\n<p>By Rosemary. Mirondo, Posted Friday, January 8&nbsp;&nbsp; 2016&nbsp;at&nbsp; 11:52<\/p>\n<p>In Summary<\/p>\n<ul>\n<li>The construction of the $10 billion Bagamoyo port, which would be the largest port in East Africa, has been suspended.<\/li>\n<li>Tanzania wants to focus, instead, on improving the capacity, performance and efficiency of the Dar es Salaam and Mtwara ports.<\/li>\n<li>The initial works for the Bagamoyo port had already started after former President Jakaya Kikwete broke ground last October with some residents relocated to other areas to pave way for the construction.<\/li>\n<\/ul>\n<p>The construction of the $10 billion Bagamoyo port, which would be the largest port in East Africa, has been suspended.<\/p>\n<p>Tanzania wants to focus, instead, on improving the capacity, performance and efficiency of the Dar es Salaam and Mtwara ports.<\/p>\n<p>Link: <a href=\"http:\/\/www.theeastafrican.co.ke\/news\/Tanzania-suspends-construction-of--10bn-Bagamoyo-port\/-\/2558\/3025514\/-\/lh2rh2z\/-\/index.html\">www.theeastafrican.co.ke\/news\/Tanzania-suspends-construction-of&#8211;10bn-Bagamoyo-port\/-\/2558\/3025514\/-\/lh2rh2z\/-\/index.htm<\/a>l<\/p>\n<hr>\n<h3>Tanzania starts work on $10 bln port project backed by China and Oman<\/h3>\n<p>Fri Oct 16, 2015 4:58pm GMT<\/p>\n<p>BAGAMOYO, Tanzania Oct 16 (Reuters) &#8211; Tanzania started construction work on a $10 billion port and special economic zone on Friday, a project backed by China and Oman that aims to transform the East African country into a regional trade and transport hub.<\/p>\n<p>The port, which will be Tanzania&#8217;s biggest, is being built at Bagamoyo, 75 km (47 miles) north of Dar es Salaam &#8211; the commercial capital that is currently the site of the country&#8217;s main port, which is operating beyond its capacity with limited space for expansion.<\/p>\n<p>President Jakaya Kikwete attended a groundbreaking ceremony and said construction of phase I of the project would take three years. &#8222;The construction of the Bagamoyo port and a special economic zone is aimed at realising the government&#8217;s goal of bringing about an industrial revolution in Tanzania,&#8220; he said.<\/p>\n<p>Government officials said the port would be able to handle mega-ships &#8211; with a container vessel size of 8,000 twenty-foot equivalent units (TEUs) &#8211; after the first phase was completed, with room for expansion.<\/p>\n<p>The whole project including roads, railways and the economic zone is expected to take 10 years to complete, but it was unclear in how many phases it will be carried out.<\/p>\n<p><strong><a href=\"http:\/\/af.reuters.com\/article\/kenyaNews\/idAFL8N12G3FZ20151016\">http:\/\/af.reuters.com\/article\/kenyaNews\/idAFL8N12G3FZ20151016<\/a><\/strong><strong> (geladen 19.3.2016)<\/strong><\/p>\n<hr>\n<h3>Bagamoyo in Tansania: Hoffnung auf den Superhafen<\/h3>\n<p>Der Spiegel 24.2.2014 (Ausz\u00fcge)<\/p>\n<p>Einst war der Ort ber\u00fchmt als Sklaven-Umschlagplatz, sp\u00e4ter wurde er zur Hauptstadt Deutsch-Ostafrikas: Bagamoyo hat eine bewegte Geschichte hinter sich, verschwand dann aber in der Bedeutungslosigkeit. Jetzt soll hier der gr\u00f6\u00dfte Hafen Afrikas entstehen,<\/p>\n<p>In den kommenden Jahren wollen chinesische Investoren 15 Kilometer s\u00fcdlich des K\u00fcstenortes&nbsp; den gr\u00f6\u00dften Hafen Afrikas bauen. 20 Millionen Container pro Jahr sollen dann hier verladen werden, vor allem Erze aus Sambia, Simbabwe und dem Kongo. Fr\u00fcher waren es Elfenbein und Sklaven, die im Hafen der einstigen deutschen Kolonialhauptstadt verschifft wurden.<\/p>\n<p>&#8230;<\/p>\n<p>Link: <a href=\"http:\/\/www.spiegel.de\/reise\/fernweh\/tansania-superhafen-bringt-goldene-zeiten-nach-bagamoyo-a-955339.html\">www.spiegel.de\/reise\/fernweh\/tansania-superhafen-bringt-goldene-zeiten-nach-bagamoyo-a-955339.html<\/a><\/p>\n","protected":false},"excerpt":{"rendered":"<p>&nbsp;Tanzania suspends construction of $10bn Bagamoyo port By Rosemary. Mirondo, Posted Friday, January 8&nbsp;&nbsp; 2016&nbsp;at&nbsp; 11:52 In Summary The construction of the $10 billion Bagamoyo port, which would be the largest port in East Africa, has been suspended. Tanzania wants to focus, instead, on improving the capacity, performance and efficiency of the Dar es Salaam &hellip; <a href=\"https:\/\/www.rushwa.de\/?page_id=1651\" class=\"more-link\"><span class=\"screen-reader-text\">Bagamoyo port<\/span> weiterlesen <span class=\"meta-nav\">&rarr;<\/span><\/a><\/p>\n","protected":false},"author":1,"featured_media":0,"parent":91,"menu_order":34,"comment_status":"closed","ping_status":"closed","template":"","meta":{"footnotes":""},"class_list":["post-1651","page","type-page","status-publish","hentry"],"_links":{"self":[{"href":"https:\/\/www.rushwa.de\/index.php?rest_route=\/wp\/v2\/pages\/1651","targetHints":{"allow":["GET"]}}],"collection":[{"href":"https:\/\/www.rushwa.de\/index.php?rest_route=\/wp\/v2\/pages"}],"about":[{"href":"https:\/\/www.rushwa.de\/index.php?rest_route=\/wp\/v2\/types\/page"}],"author":[{"embeddable":true,"href":"https:\/\/www.rushwa.de\/index.php?rest_route=\/wp\/v2\/users\/1"}],"replies":[{"embeddable":true,"href":"https:\/\/www.rushwa.de\/index.php?rest_route=%2Fwp%2Fv2%2Fcomments&post=1651"}],"version-history":[{"count":4,"href":"https:\/\/www.rushwa.de\/index.php?rest_route=\/wp\/v2\/pages\/1651\/revisions"}],"predecessor-version":[{"id":2618,"href":"https:\/\/www.rushwa.de\/index.php?rest_route=\/wp\/v2\/pages\/1651\/revisions\/2618"}],"up":[{"embeddable":true,"href":"https:\/\/www.rushwa.de\/index.php?rest_route=\/wp\/v2\/pages\/91"}],"wp:attachment":[{"href":"https:\/\/www.rushwa.de\/index.php?rest_route=%2Fwp%2Fv2%2Fmedia&parent=1651"}],"curies":[{"name":"wp","href":"https:\/\/api.w.org\/{rel}","templated":true}]}}